1?
False
Does 14 divide 417?
False
Is 274 a multiple of 23?
False
Does 20 divide 3900?
True
Does 8 divide 4300?
False
Does 79 divide 13987?
False
Does 17 divide 112?
False
Is 108 a factor of 2591?
False
Is 11270 a multiple of 46?
True
Is 5761 a multiple of 67?
False
Is 60 a multiple of 20?
True
Does 21 divide 819?
True
Does 45 divide 135765?
True
Does 94 divide 1692?
True
Is 35 a factor of 2110?
False
Is 19706 a multiple of 167?
True
Is 77 a factor of 5005?
True
Does 19 divide 1588?
False
Does 3 divide 4622?
False
Is 846 a multiple of 10?
False
Is 3667 a multiple of 19?
True
Does 5 divide 45?
True
Is 2 a factor of 637?
False
Is 59365 a multiple of 383?
True
Is 110 a multiple of 10?
True
Is 276 a multiple of 5?
False
Is 15 a factor of 2040?
True
Is 60 a multiple of 3?
True
Does 23 divide 1431?
False
Does 11 divide 176?
True
Is 22 a factor of 2908?
False
Does 73 divide 1196?
False
Is 829 a multiple of 19?
False
Is 44 a factor of 15316?
False
Does 11 divide 31?
False
Is 407 a multiple of 11?
True
Is 3911 a multiple of 43?
False
Is 1194 a multiple of 33?
False
Is 6 a factor of 10632?
True
Is 50 a factor of 7024?
False
Does 23 divide 1541?
True
Is 109 a multiple of 4?
False
Is 39 a factor of 1083?
False
Does 27 divide 4212?
True
Does 20 divide 2280?
True
Is 14 a factor of 246?
False
Is 77 a multiple of 77?
True
Is 4 a factor of 4086?
False
Is 64 a factor of 2624?
True
Does 53 divide 265?
True
Does 24 divide 624?
True
Does 104 divide 70822?
False
Does 66 divide 11946?
True
Does 197 divide 14972?
True
Is 478 a multiple of 12?
False
Is 28 a factor of 42?
False
Does 11 divide 473?
True
Is 184 a factor of 17051?
False
Is 37 a factor of 347?
False
Is 9 a factor of 3312?
True
Does 13 divide 4574?
False
Does 5 divide 574?
False
Is 8 a factor of 72?
True
Does 51 divide 23868?
True
Is 3877 a multiple of 62?
False
Does 27 divide 3105?
True
Is 53 a factor of 1056?
False
Does 294 divide 61740?
True
Does 35 divide 1260?
True
Does 7 divide 4214?
True
Is 59087 a multiple of 82?
False
Is 270 a multiple of 30?
True
Is 3 a factor of 756?
True
Is 27 a factor of 2970?
True
Is 9 a factor of 27378?
True
Is 2268 a multiple of 9?
True
Does 47 divide 12127?
False
Is 15 a factor of 2039?
False
Is 9 a factor of 36?
True
Is 18 a factor of 1080?
True
Does 9 divide 1699?
False
Is 10395 a multiple of 63?
True
Does 18 divide 5706?
True
Does 38 divide 7033?
False
Is 132 a multiple of 2?
True
Is 23975 a multiple of 6?
False
Is 23 a factor of 29?
False
Does 31 divide 10317?
False
Is 320 a multiple of 15?
False
Does 22 divide 1914?
True
Does 118 divide 7906?
True
Is 2380 a multiple of 17?
True
Is 6180 a multiple of 60?
True
Does 141 divide 123234?
True
Does 10 divide 1924?
False
Is 4480 a multiple of 14?
True
Is 128 a multiple of 13?
False
Does 54 divide 4862?
False
Is 7446 a multiple of 17?
True
Is 7 a factor of 26995?
False
Does 9 divide 310?
False
Is 16 even?
True
Is 2 even?
True
Is 8260 a multiple of 35?
True
Does 2 divide 13759?
False
Is 116 a multiple of 29?
True
Does 14 divide 1540?
True
Does 11 divide 3052?
False
Is 1031 a multiple of 81?
False
Is 61644 a multiple of 57?
False
Is 2001 a multiple of 3?
True
Is 23 a factor of 644?
True
Is 5795 a multiple of 73?
False
Does 38 divide 570?
True
Does 4 divide 4433?
False
Is 34 a factor of 544?
True
Does 13 divide 520?
True
Does 74 divide 53058?
True
Is 17460 a multiple of 18?
True
Is 6517 a multiple of 21?
False
Is 141 a factor of 8569?
False
Is 82 a factor of 702?
False
Does 87 divide 5742?
True
Is 19920 a multiple of 120?
True
Is 107 a factor of 14338?
True
Is 1008 a multiple of 18?
True
Does 8 divide 11290?
False
Is 40 a factor of 9116?
False
Is 26 a factor of 18827?
False
Is 8 a factor of 120?
True
Is 106 a factor of 2106?
False
Is 2583 a multiple of 123?
True
Is 24552 a multiple of 62?
True
Is 100 a multiple of 20?
True
Is 50 a factor of 850?
True
Is 35 a factor of 1011?
False
Is 14 a factor of 5984?
False
Is 19 a factor of 1235?
True
Does 10 divide 9217?
False
Is 233 a factor of 32742?
False
Is 69 a factor of 1177?
False
Is 330 a multiple of 30?
True
Is 16 a factor of 384?
True
Is 27 a factor of 1458?
True
Does 54 divide 20358?
True
Is 25362 a multiple of 18?
True
Is 14 a factor of 19572?
True
Is 3 a factor of 336?
True
Is 2645 a multiple of 115?
True
Is 9982 a multiple of 161?
True
Is 228 a factor of 3192?
True
Is 8 a factor of 712?
True
Does 5 divide 559?
False
Does 88 divide 1933?
False
Is 16 a factor of 1171?
False
Does 84 divide 1145?
False
Is 22 a factor of 17930?
True
Does 9 divide 21771?
True
Is 421 a multiple of 18?
False
Is 7 a factor of 93?
False
Does 2 divide 153?
False
Is 2368 a multiple of 64?
True
Is 87 a factor of 42021?
True
Is 42 a factor of 24780?
True
Is 1561 a multiple of 7?
True
Does 21 divide 17535?
True
Is 141 a multiple of 23?
False
Is 16 a factor of 8432?
True
Is 2891 a multiple of 49?
True
Is 45 a factor of 10935?
True
Is 43 a factor of 1505?
True
Does 29 divide 1711?
True
Does 56 divide 3534?
False
Is 18959 a multiple of 14?
False
Is 4197 a multiple of 124?
False
Does 27 divide 18198?
True
Is 6 a factor of 52743?
False
Is 65 a factor of 98?
False
Does 76 divide 532?
True
Is 1326 a multiple of 13?
True
Does 19 divide 788?
False
Is 68 a factor of 5440?
True
Does 11 divide 32468?
False
Is 11 a factor of 2195?
False
Is 88 a multiple of 8?
True
Does 4 divide 9047?
False
Is 1666 a multiple of 17?
True
Is 451 a multiple of 11?
True
Is 1531 a multiple of 7?
False
Is 583 a multiple of 53?
True
Is 46 a factor of 64860?
True
Does 8 divide 270?
False
Does 7 divide 3311?
True
Does 57 divide 3477?
True
Does 2 divide 75?
False
Is 390 a multiple of 30?
True
Does 25 divide 125?
True
Is 244 a multiple of 9?
False
Does 3 divide 682?
False
Is 1984 a multiple of 22?
False
Is 16572 a multiple of 12?
True
Is 4 a factor of 90?
False
Is 18 a factor of 1494?
True
Is 1304 a multiple of 19?
False
Is 4 a factor of 262?
False
Is 21576 a multiple of 6?
True
Is 162 a factor of 10005?
False
Is 20 a factor of 71099?
False
Is 97 a factor of 17002?
False
Does 108 divide 8715?
False
Does 15 divide 315?
True
Is 479 a multiple of 8?
False
Is 1850 a multiple of 13?
False
Is 702 a multiple of 18?
True
Is 12 a factor of 129624?
True
Is 69 a factor of 2891?
False
Is 450 a multiple of 150?
True
Is 18 a factor of 1372?
False
Is 4472 a multiple of 45?
False
Does 100 divide 29800?
True
Is 55 a factor of 48895?
True
Does 51 divide 1784?
False
Is 6868 a multiple of 101?
True
Is 10720 a multiple of 40?
True
Is 80 a multiple of 20?
True
Is 94 a factor of 1316?
True
Is 13663 a multiple of 90?
False
Does 12 divide 27696?
True
Is 1273 a multiple of 39?
False
Does 14 divide 3973?
False
Is 14 a factor of 7238?
True
Does 23 divide 345?
True
Does 105 divide 2730?
True
Does 32 divide 3592?
False
Is 18 a factor of 786?
False
Is 35 a factor of 3500?
True
Is 18328 a multiple of 195?
False
Is 9120 a multiple of 95?
True
Does 22 divide 61735?
False
Does 14 divide 28?
True
Does 79 divide 790?
True
Is 37224 a multiple of 72?
True
Is 15 a factor of 2491?
False
Does 40 divide 9760?
True
Does 8 divide 4777?
False
Does 43 divide 1118?
True
Does 12 divide 6888?
True
Is 14196 a multiple of 6?
True
Is 2883 a multiple of 11?
False
Is 11 a factor of 18942?
True
Is 732 a multiple of 3?
True
Is 36420 a multiple of 270?
False
Is 6936 a multiple of 34?
True
Does 25 divide 10015?
False
Is 8699 a multiple of 166?
False
Does 40 divide 1680?
True
Is 49 a factor of 6370?
True
Does 47 divide 10140?
False
Is 641 a multiple of 10?
False
Is 4 a factor of 1142?
False
Is 33 a factor of 58938?
True
Is 27 a factor of 216?
True
Is 12058 a multiple of 12?
False
Is 29 a factor of 899?
True
Is 16864 a multiple of 27?
False
Is 8 a factor of 4992?
True
Is 1922 a multiple of 62?
True
Is 10809 a multiple of 200?
False
Is 11 a factor of 770?
True
Is 15 a factor of 6215?
False
Does 94 divide 7144?
True
Is 3694 a multiple of 11?
False
Does 8 divide 1920?
True
Is 26 a factor of 101602?
False
Does 8 divide 120?
True
Does 9 divide 574?
False
Is 45 a factor of 5265?
True
Does 6 divide 779?
False
Does 9 divide 2248?
False
Is 945 a multiple of 29?
False
Is 3825 a multiple of 45?
True
Is 27378 a multiple of 26?
True
Does 13 divide 25272?
True
Is 247 a multiple of 6?
False
Is 28509 a multiple of 13?
Tru